 + (0 - 2 - 0)?
-4
What is -9 + 9 + (1 - (4 + -2))?
-1
Evaluate 7 + 10 + (-16 - -6).
7
Evaluate 0 + -3 + (3 - 2).
-2
What is the value of 0 + (4 - 2) - 2?
0
(-4 - -1) + 7 + (5 - 4)
5
Evaluate 12 + -2 - (-4 - -21).
-7
Evaluate 13 - ((0 - 12) + 14).
11
(1 - 2) + -1 - (-1 + -1)
0
What is the value of 1 - -2 - (3 - -1 - 0)?
-1
7 + -10 - (1 - 9)
5
3 + (5 - 2) - 4
2
What is the value of 4 + (0 - (3 + 0)) - 4?
-3
What is -2 + 3 - (-1 + 1) - 6?
-5
Calculate -2 + 6 + (2 - 3).
3
Evaluate -8 + 1 - (21 - 23).
-5
Calculate -12 + 4 + (25 - 11).
6
Evaluate -2 - (0 - -4 - 3).
-3
1 + 3 - (-9 - 2 - -7)
8
-4 + 3 - (11 - 13)
1
Calculate -6 + 2 + (-2 - 5) + 5.
-6
1 - (2 + 0) - -1
0
What is -6 + 1 - (-2 + 2)?
-5
Calculate -6 + 0 - (-4 + 7 + -5).
-4
What is 5 + -5 + 2 - (-3 - -3)?
2
What is the value of 2 - (5 - 4) - (-5 - 1)?
7
What is the value of -5 + (3 - 8 - -3 - -5)?
-2
Calculate (-3 + 3 + -1 - 0) + -4.
-5
(-11 + (6 - 0) - -10) + -11
-6
What is -1 - (5 + -10) - 11?
-7
6 - (0 + 5) - 4
-3
What is the value of 4 - (1 + -1 + 0 + 8)?
-4
Calculate 81 + -94 - (-11 - -2).
-4
What is -2 + 3 + (-4 + 7 - 3)?
1
Calculate 14 - 2 - 5 - (-2 - -8).
1
Evaluate -1 - (-2 - (3 - 2) - -1).
1
What is 12 - (7 - 1) - -2?
8
What is the value of 2 + 1 - (3 - -5)?
-5
What is 1 - (-4 + 1 + -1)?
5
Calculate (-16 - -12) + 2 + -1.
-3
What is the value of (-4 - 3) + 7 - -2?
2
What is the value of 7 - (3 - (-6 - -2))?
0
What is the value of (-4 - 2) + (0 - -10)?
4
Calculate -3 + (-12 - (-3 - 6)).
-6
What is 8 + 2 - 5 - (10 + -7)?
2
What is the value of 4 - (-3 + 5 + -2)?
4
Evaluate (3 + -8 - -5) + -3 - 3.
-6
Calculate -2 - (1 + 3 + -4 - 4).
2
Calculate (1 + -5 - -7) + 1 + -1.
3
Calculate 1 + 3 + (-1 - 1) + -3.
-1
Calculate -10 + 11 - (-5 + 2).
4
-4 + 1 - (-7 + 6) - -5
3
Evaluate -73 - -76 - (0 + -1 + 1).
3
12 + (5 - 11) + -10
-4
Calculate 2 + (-1 - (-2 + (-2 - -9))).
-4
What is the value of 20 + (-14 - -6) - 6?
6
What is the value of 0 - (2 + -2) - 5?
-5
Evaluate 0 + (9 - 4) + (2 - 3).
4
Evaluate -5 + 2 + (2 - -5).
4
Calculate -1 + -1 - (12 - (7 + 5)).
-2
What is the value of (-3 - 1) + 16 + -14?
-2
What is the value of -2 + (0 + 4 - (-1 + -1))?
4
What is the value of -12 - (1 + -11 + -11)?
9
Calculate 50 + -48 - (2 + 8 - 3).
-5
Evaluate (10 - -1) + 1 - (78 - 73).
7
What is the value of -3 + 9 + (-1 - 5)?
0
(-2 - -3) + 0 + 3 + -6
-2
Calculate 6 + 0 + -22 + 7.
-9
What is the value of 10 + 14 + -35 + 4 + 2?
-5
Calculate 3 + (1 - 5) + 6.
5
-19 + (26 - 16) - (-6 - 1)
-2
Calculate 10 + -14 + 5 + -1 + 7.
7
Calculate (-2 - -2) + -3 - -2.
-1
Evaluate -3 + (-7 - -2) - -5.
-3
Evaluate 3 - (5 + 0 + -2 + -2).
2
Evaluate -3 + (-3 - (3 + -3) - -3).
-3
Evaluate 2 + (2 - 3 - (-4 - 0)).
5
What is 1 + 1 + 1 + -5 + 6?
4
What is -1 - 3 - (16 - (0 + 15))?
-5
What is the value of 5 + 2 + (-1 - 6)?
0
Calculate -1 - ((-3 - -7) + -7 + 3).
-1
What is -11 + -3 - (-12 - 12)?
10
What is (-1 - -2) + 0 + 0?
1
-3 - (-7 + -6 + 8)
2
Evaluate -1 + (-3 - (1 - 9)).
4
Evaluate (5 - 5) + -6 - -6.
0
Evaluate 1 - (4 - 6 - -4).
-1
What is (-1 - 8) + 3 + (40 - 42)?
-8
Evaluate (16 - 7) + -2 + (-3 - 1).
3
What is the value of (10 + -10 - 2) + 9?
7
What is the value of 8 + 0 + -14 + 2 - -7?
3
5 + -6 + (-9 - (-9 + 2))
-3
Evaluate 4 + (1 - (-6 - -19)).
-8
What is the value of 1 + (-7 + 1 - -4)?
-1
(-6 - 0) + (-9 - -15)
0
Calculate 0 - (-5 - (-11 - -3)).
-3
Evaluate 0 - 2 - (1 - 0).
-3
What is 4 - (6 - (-7 + (10 - 0)))?
1
Evaluate 4 + (2 + 1 - 3).
4
Calculate (-30 - -26) + (7 - (1 + 2)).
0
What is the value of 3 - (13 + -1 + -16 + 13)?
-6
Evaluate -16 + 4 - 1 - -8.
-5
What is the value of 6 - (4 + 1) - 1?
0
Calculate -2 + 7 + -1 + -6.
-2
3 - (-5 - (-1 + -9))
-2
Evaluate 7 - (-2 + 3) - 4.
2
Evaluate -2 + 6 + 8 + (-6 - 15).
-9
Evaluate (-4 - (2 - 7)) + 3.
4
Evaluate (-1 - 8) + (-3 - -11).
-1
What is 2 - -1 - (13 + -11)?
1
Evaluate 6 - (-3 + -2 + 3 + 2).
6
-4 + 6 + 2 - 1
3
What is 4 + (-12 - -4 - -5)?
1
What is the value of (2 - 5) + -5 + 10?
2
What is the value of 3 + 11 + -4 + -16?
-6
What is the value of (4 - 3) + (1 - 1) + -2?
-1
What is 4 + -18 + (2 - -9)?
-3
Calculate 7 + -9 + 7 + -8.
-3
Evaluate 1 + 2 + 1 + -9 + 1.
-4
Evaluate 4 + (-2 + (12 - 6) - 10).
-2
Calculate (1 - (-1 + -3)) + -6.
-1
Evaluate 68 - 81 - (2 + -12).
-3
-6 - (0 + 5 + -15 + 6)
-2
Calculate -6 + 6 + (0 - (3 - -2)).
-5
What is (-12 - (-17 - -10)) + (0 - -2)?
-3
Calculate -2 + 4 + (-14 - (-7 - -1)).
-6
What is 4 + (-2 - -6) + -3?
5
Evaluate -2 + 3 + (-4 - -8) + 0.
5
Evaluate 9 + -12 - (-2 + 1).
-2
What is 4 - (5 + (3 - 5))?
1
0 + -2 + 1 + -1 + -3
-5
Calculate (-2 - -2) + -1 + (11 - 14).
-4
What is -2 + (7 - 5 - -1)?
1
Calculate (1 - (1 + 1) - -1) + 5.
5
Evaluate (-4 + (-3 - -3) - -4) + -1.
-1
What is (-6 - (-1 - 3) - -3) + -6?
-5
-4 + (4 - (4 + 0))
-4
Calculate 4 + (-5 - (1 + 0)).
-2
What is the value of (4 + 11 - 7) + -4 - 10?
-6
What is 5 + (-4 - (7 + -7))?
1
What is the value of 8 + -7 + 4 + -7?
-2
Calculate 3 - (7 + -9) - -5.
10
Evaluate -17 + 6 - (-3 - 5).
-3
What is (-4 - (9 - 12)) + 9?
8
What is the value of (-5 - (-6 + 2 + -8)) + -5?
2
Evaluate 4 + 4 + -8 + -2 + 9.
7
23 + -25 - (0 + 0)
-2
What is the value of 0 + -5 - (-42 - -37)?
0
What is the value of -2 + (-5 + 6 - -4)?
3
What is 1 - (6 + -9 + (-1 - -7))?
-2
Evaluate 0 - -1 - (0 + (1 - 3)).
3
Evaluate 10 - (15 + -10) - 5.
0
Evaluate 6 + (-11 - -13) + (-11 - -1).
-2
Evaluate -1 + -1 + -7 + 6 - -7.
4
Calculate 4 - ((9 - 2) + -12).
9
(3 - 6) + 9 + -5 + -8
-7
Calculate (3 - (-1 + 2)) + 1.
3
What is (-2 - -2 - (7 + -7)) + -4?
-4
3 + (-2 - -1) - (9 - 8)
1
Calculate -8 + (14 + -6 - 4) - 1.
-5
What is the value of -21 - -24 - (0 - -2)?
1
Evaluate 6 + 0 + -12 + (6 - 3).
-3
Evaluate 2 + (-7 + 15 - 5).
5
3 + 2 + -1 - 2
2
Evaluate 1 + (-2 - 2 - 5).
-8
What is the value of (-4 - -22) + (-17 + 12 - 3)?
10
Evaluate 4 - (-2 + (-2 - -3) + 0).
5
What is the value of (-1 - 9) + (-5 - -10)?
-5
Evaluate (-11 - -16) + (1 - 4) - -3.
5
Evaluate 4 + -1 - (0 - (-2 - -1)).
2
Evaluate 2 + -3 + -1 + (1 - 0).
-1
What is (-8 - -15) + -8 + -2?
-3
What is (-3 - -1) + -2 + 6?
2
3 + -1 + -4 + 7
5
What is the value of (1 - (5 + 0)) + 4?
0
Evaluate 0 + -6 - ((-7 - -19) + -24).
6
Evaluate -3 + (7 + -13 - 2).
-11
Calculate (29 - 20) + (-6 - 1).
2
1 + -1 + -2 - (2 + -5)
1
What is the value of 7 - (6 - 6) - 6?
1
13 - -1 - (8 - 10 - -8)
8
-3 - (2 - (-3 - -16 - 5))
3
What is the value of 0 - (-5 + -4 + 3 + 2)?
4
What is 2 - (0 + -3 - -1)?
4
30 + -34 + (1 - -5)
2
Evaluate (-10 - (-3 - 0) - -5) + 1.
-1
What is 3 + (7 + (1 - 2) - 4)?
5
What is the value of 2 - (12 + 0 - (3 - -2))?
-5
Calculate -4 - (8 - 16 - 0).
4
Calculate 2 + -6 + -1 + 6.
1
What is the value of (7 - (-1 + 5)) + -1 - 6?
-4
Evaluate 0 + -2 + (0 - -1) + -3.
-4
Calculate 6 + -3 + -1 + -2.
0
(5 - 18) + 3 + 5
-5
Evaluate -5 - -7 - (11 + -13).
4
Evaluate 0 + (-4 - (-4 - -5)) - 2.
-7
What is the value of (2 + 1 - -1) + 0?
4
Calculate (0 + -2 - 4) + -3 - -3.
-6
Evaluate (27 - 25 - (0 + -3)) + -4.
1
Evaluate -9 - (9 + -9 + -11).
2
What is (0 - 16 - -11) + 8?
3
What is 9 - (0 - -1) - 15?
-7
What is the value of -5 + (6 - (4 - 1))?
-2
What is the value of 2 - -2 - (1 + -3) - 0?
6
What is (-1 - -3) + -23 + -1 + 19?
-3
Calculate -7 + -2 + (2 - -2).
-5
What is the value of -8 - (-1 - 4 - -1)?
-4
5 + -7 + 7 + -3
2
3 + (1 - 9) + 6
1
What is 0 - (15 - 4 - 7)?
-4
-4 - (3 + -5 + 0)
-2
Calculate 1 - 2 - -4 - (12 - 12).
3
-2 + 3 + 2 - (5 + 2)
-4
(-3 - -3) + (3 - 3 - -1)
1
What is the value of -2 + 0 - (6 + 2 - 16)?
6
Evaluate 0 + -3 - (4 + -6).
-1
Evaluate -44 + 52 - (10 + 0).
-2
What is (0 - -1 - 4) + 2?
-1
Calculate 2 - (2 + 9 - 19).
10
(1 - 8) + (13 - 9)
-3
Calculate 3 + 3 + -11 + 6.
1
What is the value of -2 + (4 - 3) - 0?
-1
Evaluate 5 - (10 + -16 + 3).
8
1 - (-1 - -3 - (0 - -2))
1
What is 1 + -4 + -12 + 17?
2
Calculate 24 + -13 + (6 - 6).
11
What is the value of (8 + -6 - 6) + 3 - -4?
3
What is the value of (-7 - 3 - -3 - -3) + 2?
-2
What is -9 + (9 - 4) + 2 + -2?
-4
What is the value of -1 + 8 + 3 + -7 + -1?
2
Calculate -17 - -20 - (-4 + 2).
5
What is the value of 3 + 1 + (-2 - -6) + -4?
4
What is the value of 2 - (0 + -2 + 10 - 4)?
-2
What is the value of 1 + (-4 - -1 - -1)?
-1
Calculate (10 - 7) + (0 - -1).
4
Evaluate 13 - (4 - -1) - 5.
3
Calculate 9 - (1 + -2 + 10).
0
What is the value of (0 -